 + -3. Calculate the remainder when w is divided by 20.
17
Let h = 1031 - 853. Calculate the remainder when h is divided by 15.
13
Let k = 75 + -8. Suppose 4*y - 4*t = y + k, 4*t + 92 = 4*y. What is the remainder when 74 is divided by y?
24
Suppose 170*x = 165*x + 165. Suppose -3*b - x = -5*v, -v + 47 = 2*v + 5*b. What is the remainder when 30 is divided by v?
3
Let j = -26 + 28. Suppose 0*s - 2*l = -j*s + 66, 48 = s + 2*l. What is the remainder when 112 is divided by s?
36
What is the remainder when 372 is divided by (230 - 172) + 4 + 1 + 0?
57
Suppose 0*y - 5*x = 5*y - 5, -4*y = 5*x - 3. Suppose -4*a + y*a = -10. Calculate the remainder when 24 is divided by a.
4
Suppose -10 = -4*c - c. Suppose -c*f + 29 = l - 2*l, -f + 17 = -l. Suppose 121 = -4*s + 213. What is the remainder when s is divided by f?
11
Let s(q) = 2*q**2 + 2*q. Let f be s(3). Suppose 0*v + f = -2*v. Calculate the remainder when 69 is divided by v/(-9)*(-54)/(-4).
15
Suppose -172*l + 178*l - 318 = 0. What is the remainder when l is divided by 15?
8
Suppose 7*d + 60 = 12*d. Let b = 4 + -4. Suppose -2*r - i + 90 = b, 0 = r + 4*i - 48 + 3. Calculate the remainder when r is divided by d.
9
Suppose -4*u - 13*u = -340. Let f = 17 - -15. Let z = f - 21. What is the remainder when u is divided by z?
9
Let j = 23 + -8. Calculate the remainder when 4 is divided by 6/(-30) - (-48)/j.
1
Suppose 4*c + 3*v = 15, -2*c - 5*v = -19 - 6. Suppose -k + 12 + 7 = c. Suppose -3*u = -6 - 15. What is the remainder when k is divided by u?
5
Let i be 289/85 + 2/(-5). What is the remainder when (i/30*-5)/(1/(-274)) is divided by 14?
11
Suppose -33 - 23 = -4*i. Let h(l) = -6*l**3 - 2*l**2 + 2*l. Let u be h(1). Let x(j) = -10*j - 20. Calculate the remainder when x(u) is divided by i.
12
Let k be 4 + (1 - (-4 + 4)). Suppose -k*f - 2 = s, -f + 0*f = 3. Calculate the remainder when 37 is divided by s.
11
Let w(t) = 2*t**2 - 3*t + 3. Let u(g) = g - 14. Let b be u(15). Calculate the remainder when w(b) is divided by 2.
0
Calculate the remainder when 335 is divided by -1*(-22 - (-24)/(-6)).
23
Let p(j) = -j**2 + 7*j - 6. Let y be p(5). Suppose -340 = -s - 4*s - 2*o, -s = y*o - 50. What is the remainder when s is divided by 24?
22
Suppose 0 = 4*t + 5*p - 4*p - 29, -5*p = 5*t - 25. Suppose -10*u - t = -8*u. What is the remainder when -4 - 216/(16/u) is divided by 14?
8
Let u(p) = -9*p + 28. What is the remainder when u(0) is divided by 22?
6
Let p(o) = o - 58. Let m be p(0). Let a = -94 - m. Calculate the remainder when 19 is divided by (-2)/10 - a/5.
5
Let m = 84 - 80. Calculate the remainder when 35 is divided by (14 + -24)/((-2)/m).
15
Let z(v) be the first derivative of -8*v**2 - 5*v - 2. Calculate the remainder when z(-2) is divided by 6.
3
Let b be 1/((-3)/35) + (-4)/12. Let d = 1 + 24. Calculate the remainder when ((-388)/(-16))/((-3)/b) is divided by d.
22
Suppose 5*o = -2*y + 44, 5*y - o - 145 = 4*o. Let b = 41 - y. What is the remainder when 67 is divided by b?
11
Let m(g) = -g**3 + 9*g**2 + 2*g - 45. What is the remainder when m(8) is divided by 24?
11
Suppose 3*y = 2*w + 21, -14 = -3*y - 5*w + 7. Let b be 5 + (-3 + 1 - 1). Suppose b*u - 5*u + 96 = 0. Calculate the remainder when u is divided by y.
4
Let f(d) = -d**3 - 13*d**2 - 12*d + 14. Calculate the remainder when 279 is divided by f(-12).
13
Suppose -9*g = -10*g + 54. Let c(k) = 3*k - 3. Let f be c(5). Suppose 13*m - 15 = f*m. What is the remainder when g is divided by m?
9
Suppose -129*p + 135*p = 3798. Calculate the remainder when p is divided by 53.
50
Suppose 6*p - 179 = -5*k + 1338, -p + 4*k + 277 = 0. What is the remainder when p is divided by 27?
14
Let l = 110 - 113. What is the remainder when 52 is divided by (l/6)/(5/(-180))?
16
Suppose -2*s + 148 - 60 = 0. Let v be ((-10)/(-15) - 1)*69. Let g = v - -38. What is the remainder when s is divided by g?
14
Let b(m) = -m**3 - 3*m**2 + 2*m - 5. Let x be (-2)/((-12)/(-3))*0. Suppose -y = 4*c + y - 28, y + 2 = x. Calculate the remainder when c is divided by b(-4).
2
Suppose 5*y + 3*f = 72, -3*y + 1 = 4*f - 40. Let b = -79 - -157. Suppose b = d + 2*l, 5*d + 0*l - 435 = -l. What is the remainder when d is divided by y?
13
Suppose -4*c - 23 = -4*h + 5, 3*h + 4*c = 0. Let m(y) = y**3 - 3*y**2 - 2*y + 7. What is the remainder when 29 is divided by m(h)?
14
Suppose y - 5*y + 1616 = 0. Suppose p - 5*p + y = 0. Calculate the remainder when p is divided by (-4)/(4/(-5)) - 483/(-23).
23
Let r be 606/(-15) + 4/10. Let u = 22 - r. Suppose -88 = -3*y + 8. Calculate the remainder when u is divided by y.
30
Suppose -2*r = -4*x - 54, 0 = 2*r - 5*x - 11 - 40. Calculate the remainder when 161 is divided by r.
29
Let n(j) = -7*j + 42. Let g(m) = 3*m - 8. Let p be g(0). Calculate the remainder when n(p) is divided by 10.
8
Calculate the remainder when (-51)/1*27/(-81) is divided by 4.
1
Let y = -27 + 29. Suppose 3*w + 9 = 4*u, 2*u - 3*w - y = 1. Suppose 4*c - 6*c = -4. What is the remainder when u is divided by c?
1
Suppose -13*d + 3440 = 3*d. What is the remainder when d is divided by 56?
47
Let n(l) = -93*l - 6. Let t be n(-1). Suppose d = -w + t, 4*d + 0*d - 346 = -2*w. What is the remainder when d is divided by 22?
20
Let q = 21 + -34. Let s = q - -15. Suppose -k + 24 = -s*x + x, -k + 36 = -5*x. Calculate the remainder when k is divided by 12.
9
Suppose -225*q + 241*q - 672 = 0. Calculate the remainder when q is divided by 17.
8
Suppose -5*u - 5*b + 10 = 0, -3*u - 2*b + 10 = 2*u. Suppose -u*a - 2*a = -5*q - 124, -124 = -4*a + 3*q. What is the remainder when a is divided by 12?
7
Suppose 0 = -z + 39 - 31. What is the remainder when 8/20 - (-206)/10 is divided by z?
5
Suppose m + 296 = 4*t + 5*m, 0 = 3*t + 2*m - 218. What is the remainder when 89 is divided by t/2*(-6)/(-21)?
9
Suppose 18*l - 250 = -7*l. Suppose -c + 34 = c. What is the remainder when c is divided by l?
7
Suppose r + 104 = -3*r. Let t be 2 + (3 + 46 - -2). Let m = t + r. What is the remainder when 107 is divided by m?
26
Let x = 213 + -185. What is the remainder when x is divided by 25?
3
What is the remainder when (2 - 4) + 52 + -4 + -6 is divided by 22?
18
Let h be (2/2)/(3/12). Suppose -h*g - 3*d = -110, -1 = 3*g + 2*d - 83. Suppose p - 12 = g. Calculate the remainder when p is divided by 20.
18
Let z be -2 - (-5 + 476/4). Let x(p) = 7*p**3 + 2*p**2 + 4*p + 3. Let j be x(-2). Let f = j - z. Calculate the remainder when f is divided by 22.
19
Suppose 150*p - 156*p = 72. Let u = p + 48. What is the remainder when u is divided by (-63)/(-5) - (-2)/5?
10
Let u(t) = -7*t. Let g be (2/(-4))/((-4)/336). What is the remainder when u(-5) is divided by (-7)/g + 146/12?
11
Suppose 0*p + 2*h = -4*p + 26, -4*p + 2*h = -30. Suppose -45 = 6*w - p*w. Calculate the remainder when w is divided by 12.
9
Suppose -3*j + 11 = 3*w - 5*j, -3*w = -3*j - 6. Calculate the remainder when (-3800)/(-570)*6/4 is divided by w.
3
Suppose 111*n - 4260 = 101*n. What is the remainder when n is divided by 43?
39
Suppose 5*k = k. Suppose -4*z - 2*c + 186 = 0, k = c - 3*c + 10. What is the remainder when z is divided by 15?
14
Suppose 0 = -5*z + 4*p + 428, 3*z - 182 = z - 2*p. Calculate the remainder when z is divided by 25.
13
Let p = 32 + -30. Calculate the remainder when 96/9 + p/(-3) is divided by (-4)/3*(-45)/10.
4
Let v be (93 - 0) + 14/(-7). Suppose -3*a + v = 298. Calculate the remainder when 91 is divided by (-2 - 15/(-9))*a.
22
Let v = 81 + -43. Suppose 0 = 68*d + 53*d - 13431. What is the remainder when d is divided by v?
35
Suppose 0*o - 20 = -5*o. Let r(k) = 4*k - 9. Let p be r(o). Calculate the remainder when 34 is divided by -2 + 1 + (20 - p).
10
Let o = 155 - 74. Let g(q) = -4*q**3 - 3*q**2 - 2*q - 3. Let x(n) = -n**2 + 9*n - 20. Let i be x(6). What is the remainder when o is divided by g(i)?
18
Suppose -6*s + 94 = 4. Suppose 3*d = 2*d - 11. Let u = d + s. What is the remainder when 11 is divided by u?
3
Suppose -15 = 5*j, 7*f - 4*f - 3*j = 273. What is the remainder when 173 is divided by f?
85
Let s = -350 + 383. Calculate the remainder when 263 is divided by s.
32
Suppose 52*w - 351 = 13*w. Calculate the remainder when 74 is divided by w.
2
Let y be (-1)/2*-1*58. Suppose u = 104 + y. Let h(g) = g**2 + 16*g + 17. Calculate the remainder when u is divided by h(